{"id":875,"date":"2022-08-30T16:05:44","date_gmt":"2022-08-30T14:05:44","guid":{"rendered":"https:\/\/www.viel-plastiques.fr\/accompagnement\/"},"modified":"2024-05-29T10:56:07","modified_gmt":"2024-05-29T08:56:07","slug":"acompanamiento","status":"publish","type":"page","link":"https:\/\/www.viel-plastiques.fr\/es\/acompanamiento\/","title":{"rendered":"Acompa\u00f1amiento"},"content":{"rendered":"\n<div class=\"wp-block-group wrap_top_page\"><div class=\"wp-block-group__inner-container is-layout-flow wp-block-group-is-layout-flow\">\n<figure class=\"wp-block-image size-large\"><img decoding=\"async\" width=\"1024\" height=\"576\" src=\"https:\/\/www.viel-plastiques.fr\/wp-content\/uploads\/\/accompagnement-industrialisation-viel-plastiques-internationale-1024x576.jpg\" alt=\"Accompagnement industrialisation Viel Plastiques Internationale\" class=\"wp-image-612\" srcset=\"https:\/\/www.viel-plastiques.fr\/wp-content\/uploads\/accompagnement-industrialisation-viel-plastiques-internationale-1024x576.jpg 1024w, https:\/\/www.viel-plastiques.fr\/wp-content\/uploads\/accompagnement-industrialisation-viel-plastiques-internationale-300x169.jpg 300w, https:\/\/www.viel-plastiques.fr\/wp-content\/uploads\/accompagnement-industrialisation-viel-plastiques-internationale-768x432.jpg 768w, https:\/\/www.viel-plastiques.fr\/wp-content\/uploads\/accompagnement-industrialisation-viel-plastiques-internationale-1536x864.jpg 1536w, https:\/\/www.viel-plastiques.fr\/wp-content\/uploads\/accompagnement-industrialisation-viel-plastiques-internationale-2048x1152.jpg 2048w\" sizes=\"(max-width: 1024px) 100vw, 1024px\" \/><\/figure>\n\n\n\n<h1 class=\"wp-block-heading\">Acompa\u00f1amiento<\/h1>\n\n\n\n<p>Usted \u00bfTienes una idea en mente? \u00bfUn producto, una necesidad de subcontrataci\u00f3n de capacidad o un proyecto productivo que desea realizar, pero no est\u00e1 seguro de su viabilidad? \u00bfNecesita consejos, opiniones y recomendaciones sobre el moldeo por <a href=\"https:\/\/www.viel-plastiques.fr\/injection-plastique\/\" target=\"_blank\" rel=\"noopener\" title=\"\">inyecci\u00f3n pl\u00e1stica<\/a> ?<\/p>\n<\/div><\/div>\n\n\n\n<div class=\"wp-block-group bg_top_page\"><div class=\"wp-block-group__inner-container is-layout-flow wp-block-group-is-layout-flow\">\n<figure class=\"wp-block-image size-large\"><img decoding=\"async\" width=\"1024\" height=\"576\" src=\"https:\/\/www.viel-plastiques.fr\/wp-content\/uploads\/\/accompagnement-industrialisation-viel-plastiques-internationale-1024x576.jpg\" alt=\"Accompagnement industrialisation Viel Plastiques Internationale\" class=\"wp-image-612\" srcset=\"https:\/\/www.viel-plastiques.fr\/wp-content\/uploads\/accompagnement-industrialisation-viel-plastiques-internationale-1024x576.jpg 1024w, https:\/\/www.viel-plastiques.fr\/wp-content\/uploads\/accompagnement-industrialisation-viel-plastiques-internationale-300x169.jpg 300w, https:\/\/www.viel-plastiques.fr\/wp-content\/uploads\/accompagnement-industrialisation-viel-plastiques-internationale-768x432.jpg 768w, https:\/\/www.viel-plastiques.fr\/wp-content\/uploads\/accompagnement-industrialisation-viel-plastiques-internationale-1536x864.jpg 1536w, https:\/\/www.viel-plastiques.fr\/wp-content\/uploads\/accompagnement-industrialisation-viel-plastiques-internationale-2048x1152.jpg 2048w\" sizes=\"(max-width: 1024px) 100vw, 1024px\" \/><\/figure>\n\n\n\n<div class=\"wp-block-group\"><div class=\"wp-block-group__inner-container is-layout-flow wp-block-group-is-layout-flow\">\n<p>VIEL Plastiques les ofrece <strong>un acompa\u00f1amiento de industrializaci\u00f3n,<\/strong> y les aconseja en la toma de decisiones para sus proyectos.<\/p>\n\n\n\n<p><em>Contactenos por telefono, videoconferencia o en persona en nuestra oficina en Oyonnax.<\/em><\/p>\n\n\n\n<p>VIEL Plastiques pone a su disposici\u00f3n sus <strong>70 a\u00f1os de experiencia en pl\u00e1sticos y transformaci\u00f3n pl\u00e1stica<\/strong> acompa\u00f1andolos en diferentes sectores por llevar a bien sus proyectos de producci\u00f3n en Francia como en lo internacional. Para que su idea se convierta en un plan concreto.<\/p>\n\n\n\n<div style=\"height:25px\" aria-hidden=\"true\" class=\"wp-block-spacer\"><\/div>\n\n\n\n<div class=\"wp-block-buttons is-layout-flex wp-block-buttons-is-layout-flex\">\n<div class=\"wp-block-button\"><a class=\"wp-block-button__link wp-element-button\" href=\"https:\/\/www.viel-plastiques.fr\/es\/contacto\/\">Tengo un proyecto de industrializaci\u00f3n pl\u00e1stico<\/a><\/div>\n<\/div>\n<\/div><\/div>\n<\/div><\/div>\n","protected":false},"excerpt":{"rendered":"<p>Acompa\u00f1amiento Usted \u00bfTienes una idea en mente? \u00bfUn producto, una [&hellip;]<\/p>\n","protected":false},"author":1,"featured_media":0,"parent":0,"menu_order":4,"comment_status":"closed","ping_status":"closed","template":"templates\/page-accompagnement.php","meta":{"_acf_changed":false,"footnotes":""},"class_list":["post-875","page","type-page","status-publish","hentry"],"acf":[],"aioseo_notices":[],"_links":{"self":[{"href":"https:\/\/www.viel-plastiques.fr\/es\/wp-json\/wp\/v2\/pages\/875","targetHints":{"allow":["GET"]}}],"collection":[{"href":"https:\/\/www.viel-plastiques.fr\/es\/wp-json\/wp\/v2\/pages"}],"about":[{"href":"https:\/\/www.viel-plastiques.fr\/es\/wp-json\/wp\/v2\/types\/page"}],"author":[{"embeddable":true,"href":"https:\/\/www.viel-plastiques.fr\/es\/wp-json\/wp\/v2\/users\/1"}],"replies":[{"embeddable":true,"href":"https:\/\/www.viel-plastiques.fr\/es\/wp-json\/wp\/v2\/comments?post=875"}],"version-history":[{"count":5,"href":"https:\/\/www.viel-plastiques.fr\/es\/wp-json\/wp\/v2\/pages\/875\/revisions"}],"predecessor-version":[{"id":1366,"href":"https:\/\/www.viel-plastiques.fr\/es\/wp-json\/wp\/v2\/pages\/875\/revisions\/1366"}],"wp:attachment":[{"href":"https:\/\/www.viel-plastiques.fr\/es\/wp-json\/wp\/v2\/media?parent=875"}],"curies":[{"name":"wp","href":"https:\/\/api.w.org\/{rel}","templated":true}]}}

Acompañamiento

<div class="wp-block-group wrap_top_page"><div class="wp-block-group__inner-container is-layout-flow wp-block-group-is-layout-flow">
<figure class="wp-block-image size-large"><img decoding="async" width="1024" height="576" src="https://www.viel-plastiques.fr/wp-content/uploads//accompagnement-industrialisation-viel-plastiques-internationale-1024x576.jpg" alt="Accompagnement industrialisation Viel Plastiques Internationale" class="wp-image-612" srcset="https://www.viel-plastiques.fr/wp-content/uploads/accompagnement-industrialisation-viel-plastiques-internationale-1024x576.jpg 1024w, https://www.viel-plastiques.fr/wp-content/uploads/accompagnement-industrialisation-viel-plastiques-internationale-300x169.jpg 300w, https://www.viel-plastiques.fr/wp-content/uploads/accompagnement-industrialisation-viel-plastiques-internationale-768x432.jpg 768w, https://www.viel-plastiques.fr/wp-content/uploads/accompagnement-industrialisation-viel-plastiques-internationale-1536x864.jpg 1536w, https://www.viel-plastiques.fr/wp-content/uploads/accompagnement-industrialisation-viel-plastiques-internationale-2048x1152.jpg 2048w" sizes="(max-width: 1024px) 100vw, 1024px" /></figure>



<h1 class="wp-block-heading">Acompañamiento</h1>



<p>Usted ¿Tienes una idea en mente? ¿Un producto, una necesidad de subcontratación de capacidad o un proyecto productivo que desea realizar, pero no está seguro de su viabilidad? ¿Necesita consejos, opiniones y recomendaciones sobre el moldeo por <a href="https://www.viel-plastiques.fr/injection-plastique/" target="_blank" rel="noopener" title="">inyección plástica</a> ?</p>
</div></div>



<div class="wp-block-group bg_top_page"><div class="wp-block-group__inner-container is-layout-flow wp-block-group-is-layout-flow">
<figure class="wp-block-image size-large"><img decoding="async" width="1024" height="576" src="https://www.viel-plastiques.fr/wp-content/uploads//accompagnement-industrialisation-viel-plastiques-internationale-1024x576.jpg" alt="Accompagnement industrialisation Viel Plastiques Internationale" class="wp-image-612" srcset="https://www.viel-plastiques.fr/wp-content/uploads/accompagnement-industrialisation-viel-plastiques-internationale-1024x576.jpg 1024w, https://www.viel-plastiques.fr/wp-content/uploads/accompagnement-industrialisation-viel-plastiques-internationale-300x169.jpg 300w, https://www.viel-plastiques.fr/wp-content/uploads/accompagnement-industrialisation-viel-plastiques-internationale-768x432.jpg 768w, https://www.viel-plastiques.fr/wp-content/uploads/accompagnement-industrialisation-viel-plastiques-internationale-1536x864.jpg 1536w, https://www.viel-plastiques.fr/wp-content/uploads/accompagnement-industrialisation-viel-plastiques-internationale-2048x1152.jpg 2048w" sizes="(max-width: 1024px) 100vw, 1024px" /></figure>



<div class="wp-block-group"><div class="wp-block-group__inner-container is-layout-flow wp-block-group-is-layout-flow">
<p>VIEL Plastiques les ofrece <strong>un acompañamiento de industrialización,</strong> y les aconseja en la toma de decisiones para sus proyectos.</p>



<p><em>Contactenos por telefono, videoconferencia o en persona en nuestra oficina en Oyonnax.</em></p>



<p>VIEL Plastiques pone a su disposición sus <strong>70 años de experiencia en plásticos y transformación plástica</strong> acompañandolos en diferentes sectores por llevar a bien sus proyectos de producción en Francia como en lo internacional. Para que su idea se convierta en un plan concreto.</p>



<div style="height:25px" aria-hidden="true" class="wp-block-spacer"></div>



<div class="wp-block-buttons is-layout-flex wp-block-buttons-is-layout-flex">
<div class="wp-block-button"><a class="wp-block-button__link wp-element-button" href="https://www.viel-plastiques.fr/es/contacto/">Tengo un proyecto de industrialización plástico</a></div>
</div>
</div></div>
</div></div>

<p>Acompañamiento Usted ¿Tienes una idea en mente? ¿Un producto, una [&hellip;]</p>
